3 is divided by 21.
19
Calculate the remainder when 670 is divided by 70.
40
Calculate the remainder when 94 is divided by 32.
30
Calculate the remainder when 279 is divided by 262.
17
What is the remainder when 680 is divided by 135?
5
What is the remainder when 385 is divided by 57?
43
What is the remainder when 14 is divided by 3?
2
What is the remainder when 7071 is divided by 104?
103
What is the remainder when 716 is divided by 91?
79
Calculate the remainder when 2241 is divided by 173.
165
Calculate the remainder when 161 is divided by 32.
1
What is the remainder when 662 is divided by 329?
4
What is the remainder when 76 is divided by 31?
14
What is the remainder when 7730 is divided by 40?
10
Calculate the remainder when 1920 is divided by 18.
12
What is the remainder when 1390 is divided by 689?
12
What is the remainder when 413 is divided by 109?
86
What is the remainder when 703 is divided by 221?
40
What is the remainder when 1692 is divided by 352?
284
Calculate the remainder when 248 is divided by 33.
17
Calculate the remainder when 3198 is divided by 25.
23
What is the remainder when 1877 is divided by 20?
17
Calculate the remainder when 626 is divided by 87.
17
Calculate the remainder when 623 is divided by 152.
15
What is the remainder when 368 is divided by 343?
25
What is the remainder when 96 is divided by 25?
21
What is the remainder when 25 is divided by 8?
1
What is the remainder when 637 is divided by 447?
190
What is the remainder when 81 is divided by 32?
17
Calculate the remainder when 79 is divided by 31.
17
What is the remainder when 1453 is divided by 27?
22
Calculate the remainder when 337 is divided by 87.
76
Calculate the remainder when 525 is divided by 6.
3
What is the remainder when 149 is divided by 22?
17
What is the remainder when 377 is divided by 41?
8
Calculate the remainder when 673 is divided by 138.
121
Calculate the remainder when 595 is divided by 148.
3
Calculate the remainder when 36 is divided by 12.
0
Calculate the remainder when 73 is divided by 17.
5
Calculate the remainder when 2801 is divided by 55.
51
What is the remainder when 886 is divided by 148?
146
What is the remainder when 379 is divided by 74?
9
Calculate the remainder when 57 is divided by 20.
17
Calculate the remainder when 154 is divided by 61.
32
What is the remainder when 575 is divided by 72?
71
Calculate the remainder when 191 is divided by 48.
47
What is the remainder when 38 is divided by 35?
3
What is the remainder when 275 is divided by 126?
23
What is the remainder when 7301 is divided by 15?
11
What is the remainder when 7655 is divided by 9?
5
Calculate the remainder when 51 is divided by 6.
3
What is the remainder when 4151 is divided by 1380?
11
What is the remainder when 2835 is divided by 22?
19
What is the remainder when 2408 is divided by 171?
14
What is the remainder when 1015 is divided by 51?
46
What is the remainder when 3092 is divided by 34?
32
What is the remainder when 619 is divided by 168?
115
Calculate the remainder when 315 is divided by 11.
7
Calculate the remainder when 1656 is divided by 551.
3
Calculate the remainder when 257 is divided by 37.
35
What is the remainder when 10196 is divided by 204?
200
What is the remainder when 777 is divided by 38?
17
Calculate the remainder when 675 is divided by 6.
3
Calculate the remainder when 288 is divided by 47.
6
What is the remainder when 2964 is divided by 55?
49
Calculate the remainder when 59 is divided by 22.
15
What is the remainder when 230 is divided by 116?
114
Calculate the remainder when 289 is divided by 55.
14
Calculate the remainder when 476 is divided by 44.
36
Calculate the remainder when 244 is divided by 8.
4
Calculate the remainder when 236 is divided by 20.
16
What is the remainder when 1112 is divided by 74?
2
Calculate the remainder when 3 is divided by 1.
0
What is the remainder when 75 is divided by 11?
9
Calculate the remainder when 1135 is divided by 271.
51
Calculate the remainder when 224 is divided by 127.
97
What is the remainder when 194 is divided by 49?
47
What is the remainder when 45901 is divided by 33?
31
What is the remainder when 2740 is divided by 111?
76
What is the remainder when 175 is divided by 46?
37
What is the remainder when 71 is divided by 25?
21
What is the remainder when 74 is divided by 38?
36
What is the remainder when 2324 is divided by 93?
92
Calculate the remainder when 53 is divided by 27.
26
What is the remainder when 2836 is divided by 3?
1
Calculate the remainder when 95 is divided by 8.
7
Calculate the remainder when 106 is divided by 24.
10
What is the remainder when 129 is divided by 26?
25
Calculate the remainder when 79 is divided by 5.
4
Calculate the remainder when 782 is divided by 158.
150
What is the remainder when 162 is divided by 33?
30
Calculate the remainder when 82 is divided by 14.
12
Calculate the remainder when 1263 is divided by 26.
15
What is the remainder when 1707 is divided by 100?
7
Calculate the remainder when 812 is divided by 15.
2
What is the remainder when 946 is divided by 79?
77
Calculate the remainder when 285 is divided by 73.
66
What is the remainder when 165 is divided by 54?
3
What is the remainder when 1901 is divided by 189?
11
What is the remainder when 37799 is divided by 63?
62
Calculate the remainder when 6957 is divided by 74.
1
Calculate the remainder when 204 is divided by 9.
6
Calculate the remainder when 702 is divided by 6.
0
Calculate the remainder when 6565 is divided by 14.
13
Calculate the remainder when 270 is divided by 221.
49
Calculate the remainder when 854 is divided by 57.
56
Calculate the remainder when 3567 is divided by 34.
31
Calculate the remainder when 67 is divided by 61.
6
What is the remainder when 754 is divided by 41?
16
Calculate the remainder when 9128 is divided by 23.
20
What is the remainder when 74 is divided by 33?
8
What is the remainder when 709 is divided by 341?
27
Calculate the remainder when 264 is divided by 133.
131
What is the remainder when 22514 is divided by 15?
14
What is the remainder when 4080 is divided by 179?
142
Calculate the remainder when 56 is divided by 35.
21
Calculate the remainder when 5262 is divided by 56.
54
Calculate the remainder when 838 is divided by 21.
19
What is the remainder when 860 is divided by 27?
23
Calculate the remainder when 798 is divided by 47.
46
Calculate the remainder when 525 is divided by 156.
57
What is the remainder when 288 is divided by 93?
9
What is the remainder when 2363 is divided by 43?
41
Calculate the remainder when 69 is divided by 36.
33
What is the remainder when 2362 is divided by 28?
10
What is the remainder when 368 is divided by 69?
23
What is the remainder when 79 is divided by 11?
2
What is the remainder when 1826 is divided by 9?
8
What is the remainder when 417 is divided by 38?
37
What is the remainder when 237 is divided by 61?
54
What is the remainder when 192 is divided by 50?
42
What is the remainder when 664 is divided by 183?
115
Calculate the remainder when 5652 is divided by 28.
24
What is the remainder when 431 is divided by 12?
11
What is the remainder when 2650 is divided by 78?
76
What is the remainder when 31 is divided by 21?
10
What is the remainder when 212 is divided by 18?
14
Calculate the remainder when 2872 is divided by 125.
122
What is the remainder when 116 is divided by 17?
14
Calculate the remainder when 30 is divided by 1.
0
What is the remainder when 34 is divided by 19?
15
Calculate the remainder when 1557 is divided by 24.
21
What is the remainder when 9 is divided by 6?
3
Calculate the remainder when 203 is divided by 102.
101
Calculate the remainder when 264 is divided by 113.
38
What is the remainder when 241 is divided by 220?
21
Calculate the remainder when 49 is divided by 8.
1
What is the remainder when 284 is divided by 12?
8
Calculate the remainder when 178 is divided by 104.
74
What is the remainder when 467 is divided by 228?
11
What is the remainder when 61 is divided by 8?
5
Calculate the remainder when 42 is divided by 13.
3
Calculate the remainder when 3071 is divided by 106.
103
Calculate the remainder when 88 is divided by 3.
1
Calculate the remainder when 238 is divided by 27.
22
Calculate 